{"id":202,"date":"2019-07-03T17:34:30","date_gmt":"2019-07-03T17:34:30","guid":{"rendered":"http:\/\/julienserru.com\/?page_id=202"},"modified":"2024-08-23T22:27:10","modified_gmt":"2024-08-23T22:27:10","slug":"cinema-theatre-2","status":"publish","type":"page","link":"https:\/\/julienserru.com\/?page_id=202","title":{"rendered":"CIN\u00c9MA \/ TH\u00c9\u00c2TRE"},"content":{"rendered":"\n<p><strong>MENU : <\/strong><a href=\"http:\/\/julienserru.com\/?page_id=254\"><strong>DOSSIERS DE PRESSE \/ PRODUCTION \/ BOOKS<\/strong><\/a><strong>  &#8211; <a href=\"http:\/\/julienserru.com\/?page_id=249\">RELATIONS PRESSE<\/a> <\/strong><\/p>\n\n\n\n<p><strong>EXEMPLE DE REVUE DE PRESSE (PR\u00c9SENTATION DES R\u00c9SULTATS DE MON TRAVAIL EN RELATIONS PRESSE) :<\/strong><\/p>\n\n\n\n<figure class=\"wp-block-gallery has-nested-images columns-4 wp-block-gallery-1 is-layout-flex wp-block-gallery-is-layout-flex\">\n<figure class=\"wp-block-image\"><img loading=\"lazy\" decoding=\"async\" width=\"724\" height=\"1024\" data-id=\"220\" src=\"https:\/\/julienserru.com\/wp-content\/uploads\/2019\/07\/03-1-724x1024.jpg\" alt=\"\" class=\"wp-image-220\" srcset=\"https:\/\/julienserru.com\/wp-content\/uploads\/2019\/07\/03-1-724x1024.jpg 724w, https:\/\/julienserru.com\/wp-content\/uploads\/2019\/07\/03-1-212x300.jpg 212w, https:\/\/julienserru.com\/wp-content\/uploads\/2019\/07\/03-1-768x1086.jpg 768w, https:\/\/julienserru.com\/wp-content\/uploads\/2019\/07\/03-1.jpg 1095w\" sizes=\"(max-width: 724px) 100vw, 724px\" \/><\/figure>\n\n\n\n<figure class=\"wp-block-image\"><img loading=\"lazy\" decoding=\"async\" width=\"724\" height=\"1024\" data-id=\"221\" src=\"https:\/\/julienserru.com\/wp-content\/uploads\/2019\/07\/05-1-724x1024.jpg\" alt=\"\" class=\"wp-image-221\" srcset=\"https:\/\/julienserru.com\/wp-content\/uploads\/2019\/07\/05-1-724x1024.jpg 724w, https:\/\/julienserru.com\/wp-content\/uploads\/2019\/07\/05-1-212x300.jpg 212w, https:\/\/julienserru.com\/wp-content\/uploads\/2019\/07\/05-1-768x1086.jpg 768w, https:\/\/julienserru.com\/wp-content\/uploads\/2019\/07\/05-1.jpg 1095w\" sizes=\"(max-width: 724px) 100vw, 724px\" \/><\/figure>\n\n\n\n<figure class=\"wp-block-image\"><img loading=\"lazy\" decoding=\"async\" width=\"724\" height=\"1024\" data-id=\"222\" src=\"https:\/\/julienserru.com\/wp-content\/uploads\/2019\/07\/07-1-724x1024.jpg\" alt=\"\" class=\"wp-image-222\" srcset=\"https:\/\/julienserru.com\/wp-content\/uploads\/2019\/07\/07-1-724x1024.jpg 724w, https:\/\/julienserru.com\/wp-content\/uploads\/2019\/07\/07-1-212x300.jpg 212w, https:\/\/julienserru.com\/wp-content\/uploads\/2019\/07\/07-1-768x1086.jpg 768w, https:\/\/julienserru.com\/wp-content\/uploads\/2019\/07\/07-1.jpg 1095w\" sizes=\"(max-width: 724px) 100vw, 724px\" \/><\/figure>\n\n\n\n<figure class=\"wp-block-image\"><img loading=\"lazy\" decoding=\"async\" width=\"724\" height=\"1024\" data-id=\"1013\" src=\"https:\/\/julienserru.com\/wp-content\/uploads\/2019\/07\/13-7-724x1024.jpg\" alt=\"\" class=\"wp-image-1013\" srcset=\"https:\/\/julienserru.com\/wp-content\/uploads\/2019\/07\/13-7-724x1024.jpg 724w, https:\/\/julienserru.com\/wp-content\/uploads\/2019\/07\/13-7-212x300.jpg 212w, https:\/\/julienserru.com\/wp-content\/uploads\/2019\/07\/13-7-768x1086.jpg 768w, https:\/\/julienserru.com\/wp-content\/uploads\/2019\/07\/13-7.jpg 1095w\" sizes=\"(max-width: 724px) 100vw, 724px\" \/><\/figure>\n<\/figure>\n\n\n\n<p class=\"has-small-font-size\">( copyright 2019 )<\/p>\n\n\n\n<p>Revue de presse compl\u00e8te :  <a href=\"http:\/\/julienserru.com\/?p=154\">http:\/\/julienserru.com\/?p=154<\/a> <\/p>\n\n\n\n<p class=\"has-small-font-size\">A peine adolescent, une passion commence \u00e0 na\u00eetre chez moi pour le cin\u00e9ma &#8230; m\u00eame \u00ab\u00a0les classiques\u00a0\u00bb puisqu&rsquo;\u00e0 cette \u00e9poque mes jeunes yeux d\u00e9couvrent les films d&rsquo;Hitchcock, de Charlie Chaplin,d&rsquo;Henri Verneuil, de Marcel Pagnol, &#8230; Peu \u00e0 peu, je me penche sur les \u0153uvres de nombreux autres r\u00e9alisateurs appartenant \u00e0 diff\u00e9rents courants.<br>Puis, cette passion s&rsquo;accrue avec un d\u00e9sir d&rsquo;acqu\u00e9rir de nombreuses connaissances dans ce milieu : des biographies d&rsquo;acteurs, de r\u00e9alisateurs, \u00ab\u00a0la grammaire du cin\u00e9ma\u00a0\u00bb, les r\u00f4les et missions de nombreux intervenants dans ce milieu. Cette envie se poursuit encore aujourd&rsquo;hui. Une fois adulte, le Cin\u00e9ma m&rsquo;apprend \u00e0 appr\u00e9cier le th\u00e9\u00e2tre.<br>En parall\u00e8le de ces passions, mes \u00e9tudes en communication me permettent d&rsquo;acqu\u00e9rir des comp\u00e9tences que j&rsquo;utilise plus tard : cr\u00e9ation de visuels, \u00e9laboration et mise en place d&rsquo;une strat\u00e9gie en communication, cr\u00e9ation de plans promotionnels, r\u00e9daction et cr\u00e9ation des dossiers de production, de presse, &#8230;<br>D\u00e8s 2013, des propositions de travail dans les deux domaines se profilent.<br><\/p>\n\n\n\n<figure class=\"wp-block-gallery has-nested-images columns-4 wp-block-gallery-2 is-layout-flex wp-block-gallery-is-layout-flex\"><\/figure>\n\n\n\n<p class=\"has-small-font-size\">( copyright 2017 )<\/p>\n\n\n\n<p><\/p>\n\n\n\n<p><strong>EXEMPLE DE R\u00c9SULTATS EN RELATIONS PRESSE :<\/strong><\/p>\n\n\n\n<figure class=\"wp-block-embed is-type-video is-provider-facebook wp-block-embed-facebook\"><div class=\"wp-block-embed__wrapper\">\nhttps:\/\/www.facebook.com\/eagleoffanpage\/videos\/969667273197550\n<\/div><figcaption class=\"wp-element-caption\">Cannes 2018 : inviter des journalistes de m\u00e9dias \u00e9trangers \u00e0 des soir\u00e9es priv\u00e9es<\/figcaption><\/figure>\n","protected":false},"excerpt":{"rendered":"<p>MENU : DOSSIERS DE PRESSE \/ PRODUCTION \/ BOOKS &#8211; RELATIONS PRESSE EXEMPLE DE REVUE DE PRESSE (PR\u00c9SENTATION DES R\u00c9SULTATS DE MON TRAVAIL EN RELATIONS PRESSE) : ( copyright 2019 ) Revue de presse compl\u00e8te : http:\/\/julienserru.com\/?p=154 A peine adolescent, une passion commence \u00e0 na\u00eetre chez moi pour le cin\u00e9ma &#8230; m\u00eame \u00ab\u00a0les classiques\u00a0\u00bb puisqu&rsquo;\u00e0&hellip;<\/p>\n","protected":false},"author":1,"featured_media":0,"parent":0,"menu_order":0,"comment_status":"closed","ping_status":"closed","template":"","meta":{"om_disable_all_campaigns":false,"_monsterinsights_skip_tracking":false,"_monsterinsights_sitenote_active":false,"_monsterinsights_sitenote_note":"","_monsterinsights_sitenote_category":0,"_uf_show_specific_survey":0,"_uf_disable_surveys":false,"footnotes":""},"class_list":["post-202","page","type-page","status-publish","hentry"],"aioseo_notices":[],"_links":{"self":[{"href":"https:\/\/julienserru.com\/index.php?rest_route=\/wp\/v2\/pages\/202"}],"collection":[{"href":"https:\/\/julienserru.com\/index.php?rest_route=\/wp\/v2\/pages"}],"about":[{"href":"https:\/\/julienserru.com\/index.php?rest_route=\/wp\/v2\/types\/page"}],"author":[{"embeddable":true,"href":"https:\/\/julienserru.com\/index.php?rest_route=\/wp\/v2\/users\/1"}],"replies":[{"embeddable":true,"href":"https:\/\/julienserru.com\/index.php?rest_route=%2Fwp%2Fv2%2Fcomments&post=202"}],"version-history":[{"count":29,"href":"https:\/\/julienserru.com\/index.php?rest_route=\/wp\/v2\/pages\/202\/revisions"}],"predecessor-version":[{"id":2365,"href":"https:\/\/julienserru.com\/index.php?rest_route=\/wp\/v2\/pages\/202\/revisions\/2365"}],"wp:attachment":[{"href":"https:\/\/julienserru.com\/index.php?rest_route=%2Fwp%2Fv2%2Fmedia&parent=202"}],"curies":[{"name":"wp","href":"https:\/\/api.w.org\/{rel}","templated":true}]}}