{"id":370,"date":"2019-07-03T23:08:37","date_gmt":"2019-07-03T23:08:37","guid":{"rendered":"http:\/\/julienserru.com\/?page_id=370"},"modified":"2024-08-23T22:23:25","modified_gmt":"2024-08-23T22:23:25","slug":"communication-i","status":"publish","type":"page","link":"https:\/\/julienserru.com\/?page_id=370","title":{"rendered":"Communication"},"content":{"rendered":"\n<p><strong>Communication<\/strong><\/p>\n\n\n\n<p class=\"has-small-font-size\">\u00c9laboration d&rsquo;une strat\u00e9gie adapt\u00e9e en fonction du budget<br>. Cr\u00e9ation d&rsquo;un plan de communication<br>. Consulting en communication<br>. Cr\u00e9ation de visuels (voir page : <a href=\"http:\/\/julienserru.com\/?page_id=338\">http:\/\/julienserru.com\/?page_id=338<\/a> )<br>. Relations presse (voir page : <a href=\"http:\/\/julienserru.com\/?page_id=329\">http:\/\/julienserru.com\/?page_id=329<\/a> )<br>. \u00c9changes avec des professionnels pour le bien de votre communication (mise en place de partenariats par exemple)<br>. Etude des retomb\u00e9es de votre communication<\/p>\n\n\n\n<p><strong>Affiche et flyer pour la campagne d&rsquo;un candidat pour les Municipales 2020 :<\/strong><\/p>\n\n\n\n<figure class=\"wp-block-gallery has-nested-images columns-default is-cropped wp-block-gallery-1 is-layout-flex wp-block-gallery-is-layout-flex\">\n<figure class=\"wp-block-image\"><img loading=\"lazy\" decoding=\"async\" width=\"768\" height=\"1024\" data-id=\"1902\" src=\"https:\/\/julienserru.com\/wp-content\/uploads\/2020\/03\/Affiche-2-768x1024.jpg\" alt=\"\" class=\"wp-image-1902\" srcset=\"https:\/\/julienserru.com\/wp-content\/uploads\/2020\/03\/Affiche-2-768x1024.jpg 768w, https:\/\/julienserru.com\/wp-content\/uploads\/2020\/03\/Affiche-2-225x300.jpg 225w, https:\/\/julienserru.com\/wp-content\/uploads\/2020\/03\/Affiche-2.jpg 1315w\" sizes=\"(max-width: 768px) 100vw, 768px\" \/><\/figure>\n\n\n\n<figure class=\"wp-block-image\"><img loading=\"lazy\" decoding=\"async\" width=\"728\" height=\"1024\" data-id=\"1903\" src=\"https:\/\/julienserru.com\/wp-content\/uploads\/2020\/03\/Affiche-22-fevrier-2020-copie-728x1024.jpg\" alt=\"\" class=\"wp-image-1903\" srcset=\"https:\/\/julienserru.com\/wp-content\/uploads\/2020\/03\/Affiche-22-fevrier-2020-copie-728x1024.jpg 728w, https:\/\/julienserru.com\/wp-content\/uploads\/2020\/03\/Affiche-22-fevrier-2020-copie-213x300.jpg 213w, https:\/\/julienserru.com\/wp-content\/uploads\/2020\/03\/Affiche-22-fevrier-2020-copie-768x1080.jpg 768w, https:\/\/julienserru.com\/wp-content\/uploads\/2020\/03\/Affiche-22-fevrier-2020-copie.jpg 1315w\" sizes=\"(max-width: 728px) 100vw, 728px\" \/><\/figure>\n<\/figure>\n\n\n\n<p><strong>Avant \/ Apr\u00e8s mes retouches :<\/strong><\/p>\n\n\n\n<figure class=\"wp-block-image\"><img loading=\"lazy\" decoding=\"async\" width=\"1024\" height=\"456\" src=\"https:\/\/julienserru.com\/wp-content\/uploads\/2020\/03\/Affiche-avant-apres-copie-1-1024x456.jpg\" alt=\"\" class=\"wp-image-1942\" srcset=\"https:\/\/julienserru.com\/wp-content\/uploads\/2020\/03\/Affiche-avant-apres-copie-1-1024x456.jpg 1024w, https:\/\/julienserru.com\/wp-content\/uploads\/2020\/03\/Affiche-avant-apres-copie-1-300x134.jpg 300w, https:\/\/julienserru.com\/wp-content\/uploads\/2020\/03\/Affiche-avant-apres-copie-1-768x342.jpg 768w\" sizes=\"(max-width: 1024px) 100vw, 1024px\" \/><\/figure>\n\n\n\n<p> (copyright 2020) <\/p>\n\n\n\n<p><strong>Bulletin Municipal :<\/strong><\/p>\n\n\n\n<figure class=\"wp-block-gallery has-nested-images columns-default is-cropped wp-block-gallery-2 is-layout-flex wp-block-gallery-is-layout-flex\">\n<figure class=\"wp-block-image\"><img loading=\"lazy\" decoding=\"async\" width=\"720\" height=\"1024\" data-id=\"1280\" src=\"https:\/\/julienserru.com\/wp-content\/uploads\/2019\/07\/travail-de-commande-affiches-politiques-plaq-1-720x1024.jpg\" alt=\"\" class=\"wp-image-1280\" srcset=\"https:\/\/julienserru.com\/wp-content\/uploads\/2019\/07\/travail-de-commande-affiches-politiques-plaq-1-720x1024.jpg 720w, https:\/\/julienserru.com\/wp-content\/uploads\/2019\/07\/travail-de-commande-affiches-politiques-plaq-1-211x300.jpg 211w, https:\/\/julienserru.com\/wp-content\/uploads\/2019\/07\/travail-de-commande-affiches-politiques-plaq-1-768x1092.jpg 768w, https:\/\/julienserru.com\/wp-content\/uploads\/2019\/07\/travail-de-commande-affiches-politiques-plaq-1.jpg 956w\" sizes=\"(max-width: 720px) 100vw, 720px\" \/><\/figure>\n\n\n\n<figure class=\"wp-block-image\"><img loading=\"lazy\" decoding=\"async\" width=\"725\" height=\"1024\" data-id=\"1281\" src=\"https:\/\/julienserru.com\/wp-content\/uploads\/2019\/07\/travail-de-commande-affiches-politiques-plaq-2-725x1024.jpg\" alt=\"\" class=\"wp-image-1281\" srcset=\"https:\/\/julienserru.com\/wp-content\/uploads\/2019\/07\/travail-de-commande-affiches-politiques-plaq-2-725x1024.jpg 725w, https:\/\/julienserru.com\/wp-content\/uploads\/2019\/07\/travail-de-commande-affiches-politiques-plaq-2-212x300.jpg 212w, https:\/\/julienserru.com\/wp-content\/uploads\/2019\/07\/travail-de-commande-affiches-politiques-plaq-2-768x1085.jpg 768w, https:\/\/julienserru.com\/wp-content\/uploads\/2019\/07\/travail-de-commande-affiches-politiques-plaq-2.jpg 956w\" sizes=\"(max-width: 725px) 100vw, 725px\" \/><\/figure>\n<\/figure>\n\n\n\n<p class=\"has-small-font-size\">(copyright 2013)<\/p>\n\n\n\n<p class=\"has-small-font-size\">Cr\u00e9ation de la maquette du bulletin municipal, \u00e9tude des possibilit\u00e9s d&rsquo;articles en rapport avec la communication pr\u00e9vue, mise en page, cr\u00e9ation de la couverture, retouches des photos, &#8230;<\/p>\n\n\n\n<p><strong>Exemple de banni\u00e8res sur les r\u00e9seaux sociaux : <\/strong><\/p>\n\n\n\n<figure class=\"wp-block-gallery has-nested-images columns-2 is-cropped wp-block-gallery-3 is-layout-flex wp-block-gallery-is-layout-flex\">\n<figure class=\"wp-block-image\"><img loading=\"lazy\" decoding=\"async\" width=\"872\" height=\"320\" data-id=\"1289\" src=\"https:\/\/julienserru.com\/wp-content\/uploads\/2019\/07\/page-gerald-coralie-bannieres-facebook-2.jpg\" alt=\"\" class=\"wp-image-1289\" srcset=\"https:\/\/julienserru.com\/wp-content\/uploads\/2019\/07\/page-gerald-coralie-bannieres-facebook-2.jpg 872w, https:\/\/julienserru.com\/wp-content\/uploads\/2019\/07\/page-gerald-coralie-bannieres-facebook-2-300x110.jpg 300w, https:\/\/julienserru.com\/wp-content\/uploads\/2019\/07\/page-gerald-coralie-bannieres-facebook-2-768x282.jpg 768w\" sizes=\"(max-width: 872px) 100vw, 872px\" \/><\/figure>\n\n\n\n<figure class=\"wp-block-image\"><img loading=\"lazy\" decoding=\"async\" width=\"872\" height=\"322\" data-id=\"1290\" src=\"https:\/\/julienserru.com\/wp-content\/uploads\/2019\/07\/page-gerald-coralie-bannieres-facebook-1-1.jpg\" alt=\"\" class=\"wp-image-1290\" srcset=\"https:\/\/julienserru.com\/wp-content\/uploads\/2019\/07\/page-gerald-coralie-bannieres-facebook-1-1.jpg 872w, https:\/\/julienserru.com\/wp-content\/uploads\/2019\/07\/page-gerald-coralie-bannieres-facebook-1-1-300x111.jpg 300w, https:\/\/julienserru.com\/wp-content\/uploads\/2019\/07\/page-gerald-coralie-bannieres-facebook-1-1-768x284.jpg 768w\" sizes=\"(max-width: 872px) 100vw, 872px\" \/><\/figure>\n<\/figure>\n\n\n\n<p class=\"has-small-font-size\">\n\n(copyright 2013)\n\n<\/p>\n\n\n\n<p><strong>Au sujet du Community Management<\/strong><\/p>\n\n\n\n<p class=\"has-small-font-size\">Avec l&rsquo;avanc\u00e9e incessante de l&rsquo;internet dans nos vies, le Community Management est en plein essor, c&rsquo;est la nouvelle fa\u00e7on efficace de communiquer ! En effet, il est important pour vous de rassembler autour de vous un \u00ab\u00a0public actif\u00a0\u00bb sur la toile et de faire conna\u00eetre votre carri\u00e8re et vos projets, en somme les faire \u00ab\u00a0buzzer\u00a0\u00bb le plus possible. La plupart des politiciens utilisent les r\u00e9seaux sociaux (Youtube, Facebook, Twitter, \u2026) et les sites internet (site du parti politique, site internet personnel, blog personnel, &#8230;), pour maintenir le contact avec le peuple, \u00ab\u00a0\u00eatre proche\u00a0\u00bb, gagner en notori\u00e9t\u00e9 \u00e0 l&rsquo;approche d&rsquo;une \u00e9lection &#8230; Aujourd&rsquo;hui, aucun qu&rsquo;entre eux ne se passe pas de cette forme de communication.<br><br>Forts de mes exp\u00e9riences, de mes comp\u00e9tences, avec l&rsquo;appui d&rsquo;un partenaire, nous pouvons am\u00e9liorer votre visibilit\u00e9 en la rendant plus professionnelle et accrue.&nbsp;&nbsp;&nbsp; <\/p>\n\n\n\n<p><strong>Tarifs et demandes de devis : julien.serru@gmail.com ou +33 (0)6 62 49 27 25<\/strong><\/p>\n","protected":false},"excerpt":{"rendered":"<p>Communication \u00c9laboration d&rsquo;une strat\u00e9gie adapt\u00e9e en fonction du budget. Cr\u00e9ation d&rsquo;un plan de communication. Consulting en communication. Cr\u00e9ation de visuels (voir page : http:\/\/julienserru.com\/?page_id=338 ). Relations presse (voir page : http:\/\/julienserru.com\/?page_id=329 ). \u00c9changes avec des professionnels pour le bien de votre communication (mise en place de partenariats par exemple). Etude des retomb\u00e9es de votre communication&hellip;<\/p>\n","protected":false},"author":1,"featured_media":0,"parent":0,"menu_order":0,"comment_status":"closed","ping_status":"closed","template":"","meta":{"om_disable_all_campaigns":false,"_monsterinsights_skip_tracking":false,"_monsterinsights_sitenote_active":false,"_monsterinsights_sitenote_note":"","_monsterinsights_sitenote_category":0,"_uf_show_specific_survey":0,"_uf_disable_surveys":false,"footnotes":""},"class_list":["post-370","page","type-page","status-publish","hentry"],"aioseo_notices":[],"_links":{"self":[{"href":"https:\/\/julienserru.com\/index.php?rest_route=\/wp\/v2\/pages\/370"}],"collection":[{"href":"https:\/\/julienserru.com\/index.php?rest_route=\/wp\/v2\/pages"}],"about":[{"href":"https:\/\/julienserru.com\/index.php?rest_route=\/wp\/v2\/types\/page"}],"author":[{"embeddable":true,"href":"https:\/\/julienserru.com\/index.php?rest_route=\/wp\/v2\/users\/1"}],"replies":[{"embeddable":true,"href":"https:\/\/julienserru.com\/index.php?rest_route=%2Fwp%2Fv2%2Fcomments&post=370"}],"version-history":[{"count":20,"href":"https:\/\/julienserru.com\/index.php?rest_route=\/wp\/v2\/pages\/370\/revisions"}],"predecessor-version":[{"id":2362,"href":"https:\/\/julienserru.com\/index.php?rest_route=\/wp\/v2\/pages\/370\/revisions\/2362"}],"wp:attachment":[{"href":"https:\/\/julienserru.com\/index.php?rest_route=%2Fwp%2Fv2%2Fmedia&parent=370"}],"curies":[{"name":"wp","href":"https:\/\/api.w.org\/{rel}","templated":true}]}}

<p><strong>Communication</strong></p>



<p class="has-small-font-size">Élaboration d&rsquo;une stratégie adaptée en fonction du budget<br>. Création d&rsquo;un plan de communication<br>. Consulting en communication<br>. Création de visuels (voir page : <a href="http://julienserru.com/?page_id=338">http://julienserru.com/?page_id=338</a> )<br>. Relations presse (voir page : <a href="http://julienserru.com/?page_id=329">http://julienserru.com/?page_id=329</a> )<br>. Échanges avec des professionnels pour le bien de votre communication (mise en place de partenariats par exemple)<br>. Etude des retombées de votre communication</p>



<p><strong>Affiche et flyer pour la campagne d&rsquo;un candidat pour les Municipales 2020 :</strong></p>



<figure class="wp-block-gallery has-nested-images columns-default is-cropped wp-block-gallery-1 is-layout-flex wp-block-gallery-is-layout-flex">
<figure class="wp-block-image"><img loading="lazy" decoding="async" width="768" height="1024" data-id="1902" src="https://julienserru.com/wp-content/uploads/2020/03/Affiche-2-768x1024.jpg" alt="" class="wp-image-1902" srcset="https://julienserru.com/wp-content/uploads/2020/03/Affiche-2-768x1024.jpg 768w, https://julienserru.com/wp-content/uploads/2020/03/Affiche-2-225x300.jpg 225w, https://julienserru.com/wp-content/uploads/2020/03/Affiche-2.jpg 1315w" sizes="(max-width: 768px) 100vw, 768px" /></figure>



<figure class="wp-block-image"><img loading="lazy" decoding="async" width="728" height="1024" data-id="1903" src="https://julienserru.com/wp-content/uploads/2020/03/Affiche-22-fevrier-2020-copie-728x1024.jpg" alt="" class="wp-image-1903" srcset="https://julienserru.com/wp-content/uploads/2020/03/Affiche-22-fevrier-2020-copie-728x1024.jpg 728w, https://julienserru.com/wp-content/uploads/2020/03/Affiche-22-fevrier-2020-copie-213x300.jpg 213w, https://julienserru.com/wp-content/uploads/2020/03/Affiche-22-fevrier-2020-copie-768x1080.jpg 768w, https://julienserru.com/wp-content/uploads/2020/03/Affiche-22-fevrier-2020-copie.jpg 1315w" sizes="(max-width: 728px) 100vw, 728px" /></figure>
</figure>



<p><strong>Avant / Après mes retouches :</strong></p>



<figure class="wp-block-image"><img loading="lazy" decoding="async" width="1024" height="456" src="https://julienserru.com/wp-content/uploads/2020/03/Affiche-avant-apres-copie-1-1024x456.jpg" alt="" class="wp-image-1942" srcset="https://julienserru.com/wp-content/uploads/2020/03/Affiche-avant-apres-copie-1-1024x456.jpg 1024w, https://julienserru.com/wp-content/uploads/2020/03/Affiche-avant-apres-copie-1-300x134.jpg 300w, https://julienserru.com/wp-content/uploads/2020/03/Affiche-avant-apres-copie-1-768x342.jpg 768w" sizes="(max-width: 1024px) 100vw, 1024px" /></figure>



<p> (copyright 2020) </p>



<p><strong>Bulletin Municipal :</strong></p>



<figure class="wp-block-gallery has-nested-images columns-default is-cropped wp-block-gallery-2 is-layout-flex wp-block-gallery-is-layout-flex">
<figure class="wp-block-image"><img loading="lazy" decoding="async" width="720" height="1024" data-id="1280" src="https://julienserru.com/wp-content/uploads/2019/07/travail-de-commande-affiches-politiques-plaq-1-720x1024.jpg" alt="" class="wp-image-1280" srcset="https://julienserru.com/wp-content/uploads/2019/07/travail-de-commande-affiches-politiques-plaq-1-720x1024.jpg 720w, https://julienserru.com/wp-content/uploads/2019/07/travail-de-commande-affiches-politiques-plaq-1-211x300.jpg 211w, https://julienserru.com/wp-content/uploads/2019/07/travail-de-commande-affiches-politiques-plaq-1-768x1092.jpg 768w, https://julienserru.com/wp-content/uploads/2019/07/travail-de-commande-affiches-politiques-plaq-1.jpg 956w" sizes="(max-width: 720px) 100vw, 720px" /></figure>



<figure class="wp-block-image"><img loading="lazy" decoding="async" width="725" height="1024" data-id="1281" src="https://julienserru.com/wp-content/uploads/2019/07/travail-de-commande-affiches-politiques-plaq-2-725x1024.jpg" alt="" class="wp-image-1281" srcset="https://julienserru.com/wp-content/uploads/2019/07/travail-de-commande-affiches-politiques-plaq-2-725x1024.jpg 725w, https://julienserru.com/wp-content/uploads/2019/07/travail-de-commande-affiches-politiques-plaq-2-212x300.jpg 212w, https://julienserru.com/wp-content/uploads/2019/07/travail-de-commande-affiches-politiques-plaq-2-768x1085.jpg 768w, https://julienserru.com/wp-content/uploads/2019/07/travail-de-commande-affiches-politiques-plaq-2.jpg 956w" sizes="(max-width: 725px) 100vw, 725px" /></figure>
</figure>



<p class="has-small-font-size">(copyright 2013)</p>



<p class="has-small-font-size">Création de la maquette du bulletin municipal, étude des possibilités d&rsquo;articles en rapport avec la communication prévue, mise en page, création de la couverture, retouches des photos, &#8230;</p>



<p><strong>Exemple de bannières sur les réseaux sociaux : </strong></p>



<figure class="wp-block-gallery has-nested-images columns-2 is-cropped wp-block-gallery-3 is-layout-flex wp-block-gallery-is-layout-flex">
<figure class="wp-block-image"><img loading="lazy" decoding="async" width="872" height="320" data-id="1289" src="https://julienserru.com/wp-content/uploads/2019/07/page-gerald-coralie-bannieres-facebook-2.jpg" alt="" class="wp-image-1289" srcset="https://julienserru.com/wp-content/uploads/2019/07/page-gerald-coralie-bannieres-facebook-2.jpg 872w, https://julienserru.com/wp-content/uploads/2019/07/page-gerald-coralie-bannieres-facebook-2-300x110.jpg 300w, https://julienserru.com/wp-content/uploads/2019/07/page-gerald-coralie-bannieres-facebook-2-768x282.jpg 768w" sizes="(max-width: 872px) 100vw, 872px" /></figure>



<figure class="wp-block-image"><img loading="lazy" decoding="async" width="872" height="322" data-id="1290" src="https://julienserru.com/wp-content/uploads/2019/07/page-gerald-coralie-bannieres-facebook-1-1.jpg" alt="" class="wp-image-1290" srcset="https://julienserru.com/wp-content/uploads/2019/07/page-gerald-coralie-bannieres-facebook-1-1.jpg 872w, https://julienserru.com/wp-content/uploads/2019/07/page-gerald-coralie-bannieres-facebook-1-1-300x111.jpg 300w, https://julienserru.com/wp-content/uploads/2019/07/page-gerald-coralie-bannieres-facebook-1-1-768x284.jpg 768w" sizes="(max-width: 872px) 100vw, 872px" /></figure>
</figure>



<p class="has-small-font-size">

(copyright 2013)

</p>



<p><strong>Au sujet du Community Management</strong></p>



<p class="has-small-font-size">Avec l&rsquo;avancée incessante de l&rsquo;internet dans nos vies, le Community Management est en plein essor, c&rsquo;est la nouvelle façon efficace de communiquer ! En effet, il est important pour vous de rassembler autour de vous un « public actif » sur la toile et de faire connaître votre carrière et vos projets, en somme les faire « buzzer » le plus possible. La plupart des politiciens utilisent les réseaux sociaux (Youtube, Facebook, Twitter, …) et les sites internet (site du parti politique, site internet personnel, blog personnel, &#8230;), pour maintenir le contact avec le peuple, « être proche », gagner en notoriété à l&rsquo;approche d&rsquo;une élection &#8230; Aujourd&rsquo;hui, aucun qu&rsquo;entre eux ne se passe pas de cette forme de communication.<br><br>Forts de mes expériences, de mes compétences, avec l&rsquo;appui d&rsquo;un partenaire, nous pouvons améliorer votre visibilité en la rendant plus professionnelle et accrue.&nbsp;&nbsp;&nbsp; </p>



<p><strong>Tarifs et demandes de devis : julien.serru@gmail.com ou +33 (0)6 62 49 27 25</strong></p>

<p>Communication Élaboration d&rsquo;une stratégie adaptée en fonction du budget. Création d&rsquo;un plan de communication. Consulting en communication. Création de visuels (voir page : http://julienserru.com/?page_id=338 ). Relations presse (voir page : http://julienserru.com/?page_id=329 ). Échanges avec des professionnels pour le bien de votre communication (mise en place de partenariats par exemple). Etude des retombées de votre communication&hellip;</p>
